 factor of 15 and q.
15
Suppose -4*h + 33 + 15 = 0. Let j(a) = 5*a + 440. Let k be j(-76). Calculate the greatest common factor of k and h.
12
Let x be ((-3)/2)/(-21*22/9856). Calculate the greatest common factor of 134 and x.
2
Let p(t) = 42*t - 5678. Let n be p(155). Calculate the highest common divisor of n and 1274.
26
Let a be 9/(-27) - (-7088)/24. What is the greatest common divisor of a and 1357?
59
Let h(v) = 96*v + 4. Let s(p) = -p**2 + 7*p - 10. Let l be s(4). Let g = l - 1. Let w be h(g). Calculate the greatest common factor of 20 and w.
20
Suppose -5*p - 490 = -w, 16*p = 13*p. What is the highest common factor of 20 and w?
10
Suppose -3240 = 23*w + 693. Let j = 188 + w. What is the highest common factor of j and 221?
17
Let r = -26944 - -27035. Suppose -7*o = -3*o - 52. What is the highest common factor of r and o?
13
Let s be ((480/(-56))/15)/(1/(-224)). Calculate the greatest common divisor of s and 264.
8
Suppose -34*z + 1255 = -615. Suppose 3*v - 1919 = -599. What is the greatest common divisor of v and z?
55
Suppose 4*o - 2*q - 24 = 0, -9 = -o + q - 2*q. Calculate the greatest common factor of o and 49.
7
Suppose -2*s - 1 - 137 = 0. Let a be 2/(-9 + 5)*122. Let w = a - s. Calculate the greatest common factor of w and 12.
4
Let c(y) = -y - 1. Let j(b) = 26*b - 20. Let o(p) = -44*c(p) - 2*j(p). Let m be o(6). Calculate the highest common divisor of m and 90.
18
Suppose 853*n = -774*n + 13016. Let t(o) = 12*o - 8. Let l be t(6). What is the highest common divisor of n and l?
8
Let l be -200 - -208 - 16/24*1*-3. Calculate the greatest common factor of 2510 and l.
10
Suppose -2*l - 34 = -3*v - l, 0 = -4*v + 3*l + 37. Let j = v - 8. What is the greatest common divisor of j and 115?
5
Let m(h) = -4*h + 166. Let y be m(34). Suppose t - 165 = -4*k, k = -26*t + 28*t + y. What is the greatest common divisor of 110 and k?
10
Let x be -3 + 99/22 + (-2)/(-4). Let r be -40*98/28*x/(-4). What is the greatest common factor of r and 42?
14
Let k = 531 - -1244. Suppose -13*t + 6195 - k = 0. Calculate the greatest common factor of t and 20.
20
Suppose k + 333 = 3*r - 521, 4*r - 1128 = 4*k. Calculate the greatest common factor of 312 and r.
26
Suppose 0 = y - 33 - 6. Let d(t) = -15*t + 1101. Let b be d(63). What is the highest common divisor of b and y?
39
Let g = 530 - 305. Let j be -80 - 17 - -41 - -236. Calculate the highest common factor of g and j.
45
Suppose -502 - 98 = 5*w. Let a be (-15*(-1)/(-4))/(5/w). Let r be 1496/51 + 2/3. What is the highest common divisor of r and a?
30
Suppose -1765*h = -1755*h - 2000. What is the highest common factor of 7160 and h?
40
Let f be -2*1 + 200/20. Let s(o) = o**3 - 9*o**2 + 12*o - 11. Let a be s(f). What is the highest common factor of a and 42?
21
Let c = 4776 - 4724. What is the greatest common factor of 8 and c?
4
Let c(x) = 3*x**2 + 238*x - 117. Let z be c(-81). Calculate the highest common factor of z and 756.
36
Suppose 63*b - 392788 = -179*b + 16*b. Calculate the greatest common factor of b and 44.
22
Let p be ((-12)/7)/(4/(-42)). Suppose 14 = -5*t - 5*f + 59, 4*t = -f + 39. Let i(n) = 6*n - 36. Let a be i(t). Calculate the highest common factor of a and p.
6
Let i be (-177)/(-3717)*(20 - -1) + (-8130)/(-2). Calculate the highest common factor of i and 38.
38
Let a(v) = -5*v**3 + v**2 + 14*v - 5. Let k be a(-4). Let d = 287 - k. What is the highest common divisor of 12 and d?
12
Let v = 249 + -192. Suppose 0 = -5*z - 0*z - 4*p + 190, -4*p = 0. What is the highest common factor of v and z?
19
Let r be 8*1 + (0 - -1). Let n = 115 - 112. Suppose 38 = -2*o + n*o + 2*v, 4*o - 4*v = 140. Calculate the greatest common divisor of o and r.
9
Let m be 36/39 + (-7)/(-91). Suppose 5*q = -4*b - 15, 3*q - 2*b - 8 = -b. What is the greatest common divisor of m and q?
1
Let o = 53 - 50. Suppose o*l = -5*w + 55, 2*l - 5*l = -2*w + 1. Let u(k) = 12*k**2 - k - 1. Let r be u(-1). Calculate the greatest common divisor of w and r.
4
Let u(c) = 13*c**3 + c - 1. Let r be u(2). Let q be 3048/(-12) + (-1)/(3/(-6)). Let k = q - -287. What is the highest common factor of k and r?
35
Let s(y) = y**2 + 68*y + 930. Let n be s(-18). Calculate the greatest common divisor of n and 1600.
10
Suppose 383*a + 61152 = 404*a. Calculate the greatest common factor of a and 70.
14
Let f be 9 - (-2 + 14) - 7*-14. What is the highest common factor of f and 55?
5
Let t be (-3157)/(-63) - ((-92)/(-621))/(16/12). Let p(i) = 44*i**2 - 3*i + 1. Let k be p(4). Let s = 1243 - k. Calculate the highest common divisor of s and t.
50
Suppose -2*x + 2*a = 100, 110 = -2*x - 5*a + 10. Let s = x - -130. Let b be (-2)/(-5) + 474/15. Calculate the highest common factor of s and b.
16
Let y be (-9 + 0 + 4)/(-5)*5. Suppose -2*r + 106 + 258 = 0. Suppose y*l - 178 - r = 0. Calculate the highest common factor of l and 9.
9
Let v = 73 - 108. Let g = 38 + v. Suppose 0 = 2*t - 2*c - 56, -3*t - 36 = -5*t - g*c. Calculate the highest common factor of t and 8.
8
Let o be ((-6)/9)/((-10)/120). Let p(d) = 56*d - 12. Let b be p(o). Let l = -308 + b. What is the highest common divisor of l and 16?
16
Let r be -7 - (-104 - (-11 + -13)). What is the greatest common divisor of r and 9125?
73
Suppose -3745 = -83*l - 1424 + 5315. Suppose 3*n + 9 = 0, 0*j - 2*j - n = -43. What is the greatest common divisor of l and j?
23
Suppose -177 = -3*m + 15*v - 16*v, m + 2*v - 54 = 0. What is the greatest common divisor of 150 and m?
30
Let s(h) = h - 6. Let i be s(0). Let n be (-58)/i + (-4)/6. Suppose 187*v + 183*v - 8*v = 724. What is the greatest common factor of n and v?
1
Let j(q) = q + 8. Suppose -6*u + 13 - 43 = 0. Let d be j(u). Suppose -w = 2*n - 14, 0*n = d*w + n - 57. Calculate the greatest common divisor of w and 70.
10
Let c(p) be the third derivative of -p**4/8 + 6*p**3 - 26*p**2. Let f be c(9). Suppose -3*r - f*r + 288 = 0. Calculate the highest common factor of 16 and r.
8
Suppose 85 = l + 4*k, -3*k + 5*k = 2. Suppose 6*n - l = -21. What is the highest common factor of n and 45?
5
Let v be (10 - -59) + 48/4. What is the highest common divisor of 2781 and v?
27
Suppose 26661 = 4*f + 5*q, -4*f + 4*q + 13549 = -13139. Calculate the highest common divisor of 114 and f.
57
Let o = -8636 + 10232. Calculate the greatest common divisor of 132 and o.
12
Suppose 2*u - 701 = 3*f + 7388, -u - 5*f = -4051. Calculate the highest common divisor of u and 7.
7
Let z = -404644 - -404704. Suppose -3*p - 4*q + 40 = p, 2*p - 50 = 4*q. What is the highest common factor of p and z?
15
Let h = 175 - 180. Let v(t) = -t + 20. Let z be v(h). Calculate the highest common divisor of 350 and z.
25
Let w be 48 - ((-3)/(-3) - -5). Let t = 64 - 43. What is the highest common factor of t and w?
21
Let v(l) = l**3 + 5*l**2 - 12*l - 7. Let g be v(-6). Suppose -4*k + 3*q + 332 = -242, 2*q = 4*k - 576. Calculate the greatest common divisor of k and g.
29
Let y be 3*11/(3/3 + -4). Let x = 34 - y. Suppose -3*l + 4*r + 27 = 0, -5*l = -l - 5*r - 35. What is the greatest common factor of x and l?
5
Let f(k) = -k**2 + 46*k - 140. Let v be f(38). Calculate the greatest common factor of v and 17876.
164
Suppose -j + 7 = 0, -2 + 0 = -5*f + 4*j. Calculate the greatest common divisor of f and 8886.
6
Let o = 12614 - 5515. What is the highest common divisor of 31 and o?
31
Let t = -28174 + 29262. Calculate the highest common factor of t and 1054.
34
Let a = -11038 + 11064. What is the greatest common factor of 767 and a?
13
Let f be (-9)/(-24) + ((-190794)/(-16) - 5). Calculate the highest common factor of 80 and f.
80
Let b(p) = 20*p + 71. Let t be b(-3). Suppose -13*j + 6 = -t*j. Calculate the highest common factor of j and 15.
3
Let w be 3 - ((-18)/(-81) - 1196/36) - 6. What is the highest common divisor of 6990 and w?
30
Let t = 15207 + -15175. Calculate the greatest common factor of t and 3560.
8
Suppose 5*i = -5*n + 25, 2*n - 10 = -3*i + 3. Let y be (-8)/n + 206 + -3 + 5. What is the highest common factor of 48 and y?
12
Let u(m) = 2*m**2 - 82*m + 553. Let f be u(8). Calculate the highest common factor of f and 1.
1
Let d be (-74)/(-5)*15/(-3). Suppose 0 = -4*r - 3*o - 397, -4*o - 162 - 34 = 2*r. Let j = d - r. What is the greatest common factor of 26 and j?
26
Suppose 78 = 33*j - 450. What is the highest com